{"id":123,"date":"2026-04-15T08:13:34","date_gmt":"2026-04-15T14:13:34","guid":{"rendered":"https:\/\/asogenesis.org\/?post_type=product&#038;p=123"},"modified":"2026-04-17T13:34:04","modified_gmt":"2026-04-17T19:34:04","slug":"jeep-gladiator-sport-2021","status":"publish","type":"product","link":"https:\/\/asogenesis.org\/?product=jeep-gladiator-sport-2021","title":{"rendered":"JEEP GLADIATOR SPORT 2021"},"content":{"rendered":"<div dir=\"auto\" data-olk-copy-source=\"MessageBody\">2021<\/div>\n<div dir=\"auto\">Jeep<\/div>\n<div dir=\"auto\">Gladiator<\/div>\n<div dir=\"auto\">Sport<\/div>\n<div dir=\"auto\">Suspensi\u00f3n Falc\u00f3n<\/div>\n<div dir=\"auto\">Rin 20 black rhino<\/div>\n<div dir=\"auto\">Lona de palangana<\/div>\n<div dir=\"auto\">Persiana angry<\/div>\n<div dir=\"auto\">Luces led delanteras y traseras<\/div>\n<div dir=\"auto\">Tapicer\u00eda de tela<\/div>\n<div dir=\"auto\">\n<p>Bot\u00f3n de arranque<\/p>\n<div dir=\"auto\" data-olk-copy-source=\"MessageBody\">65 mil millas reales<\/div>\n<div dir=\"auto\">Es gasolina<\/div>\n<div dir=\"auto\">Transmisi\u00f3n autom\u00e1tica<\/div>\n<div dir=\"auto\">Motor 3.6 V6<\/div>\n<div dir=\"auto\">Llantas en un 90%.<\/div>\n<\/div>\n","protected":false},"excerpt":{"rendered":"<p>2021 Jeep Gladiator Sport Suspensi\u00f3n Falc\u00f3n Rin 20 black rhino Lona de palangana Persiana angry Luces led delanteras y traseras Tapicer\u00eda de tela Bot\u00f3n de arranque 65 mil millas reales Es gasolina Transmisi\u00f3n autom\u00e1tica Motor 3.6 V6 Llantas en un 90%.<\/p>\n","protected":false},"featured_media":137,"comment_status":"open","ping_status":"closed","template":"","meta":{"_acf_changed":false},"product_brand":[],"product_cat":[17,15],"product_tag":[],"class_list":{"0":"post-123","1":"product","2":"type-product","3":"status-publish","4":"has-post-thumbnail","6":"product_cat-camioneta","7":"product_cat-all","9":"first","10":"instock","11":"shipping-taxable","12":"purchasable","13":"product-type-simple"},"acf":[],"_links":{"self":[{"href":"https:\/\/asogenesis.org\/index.php?rest_route=\/wp\/v2\/product\/123","targetHints":{"allow":["GET"]}}],"collection":[{"href":"https:\/\/asogenesis.org\/index.php?rest_route=\/wp\/v2\/product"}],"about":[{"href":"https:\/\/asogenesis.org\/index.php?rest_route=\/wp\/v2\/types\/product"}],"replies":[{"embeddable":true,"href":"https:\/\/asogenesis.org\/index.php?rest_route=%2Fwp%2Fv2%2Fcomments&post=123"}],"wp:featuredmedia":[{"embeddable":true,"href":"https:\/\/asogenesis.org\/index.php?rest_route=\/wp\/v2\/media\/137"}],"wp:attachment":[{"href":"https:\/\/asogenesis.org\/index.php?rest_route=%2Fwp%2Fv2%2Fmedia&parent=123"}],"wp:term":[{"taxonomy":"product_brand","embeddable":true,"href":"https:\/\/asogenesis.org\/index.php?rest_route=%2Fwp%2Fv2%2Fproduct_brand&post=123"},{"taxonomy":"product_cat","embeddable":true,"href":"https:\/\/asogenesis.org\/index.php?rest_route=%2Fwp%2Fv2%2Fproduct_cat&post=123"},{"taxonomy":"product_tag","embeddable":true,"href":"https:\/\/asogenesis.org\/index.php?rest_route=%2Fwp%2Fv2%2Fproduct_tag&post=123"}],"curies":[{"name":"wp","href":"https:\/\/api.w.org\/{rel}","templated":true}]}}